of 24?
True
Is 110 a factor of 7373410660?
True
Does 16 divide 308088896?
True
Is 7262540 a multiple of 20?
True
Is 34801580 a multiple of 220?
True
Is 7 a factor of 902450297?
True
Is 471745050 a multiple of 1715?
True
Is 93815248 a multiple of 68?
True
Does 41 divide 1335038433?
True
Does 30 divide 254108209?
False
Does 863 divide 1091818710?
False
Is 31 a factor of 272051616?
False
Is 225938705 a multiple of 1933?
True
Is 1813625142 a multiple of 203?
True
Is 419021813 a multiple of 98?
False
Does 5 divide 568786640?
True
Is 47 a factor of 42596029?
False
Is 136542432 a multiple of 156?
True
Is 9 a factor of 26804283?
False
Does 171 divide 26794674?
True
Is 20 a factor of 615262609?
False
Is 28352975 a multiple of 13?
False
Does 28 divide 57224762?
False
Is 2615290577 a multiple of 55?
False
Does 3 divide 29275108?
False
Is 767669 a multiple of 513?
False
Does 523 divide 75918272?
False
Does 118 divide 60724550?
False
Is 5294736 a multiple of 747?
True
Is 695 a factor of 817200943?
False
Is 251 a factor of 8139679?
True
Does 1034 divide 1157158608?
False
Is 4494438 a multiple of 78?
True
Is 2981 a factor of 109455875?
False
Is 1526 a factor of 87567984?
True
Is 14 a factor of 123683?
False
Is 104537019 a multiple of 125?
False
Is 11 a factor of 256768880?
False
Is 24998244 a multiple of 4?
True
Is 63588280 a multiple of 140?
True
Is 5 a factor of 8193521?
False
Is 1496 a factor of 51728688?
True
Is 145825095 a multiple of 356?
False
Does 31 divide 50287363?
True
Is 93003090 a multiple of 867?
True
Does 26 divide 6743381190?
True
Is 76 a factor of 166400024?
True
Is 63800838 a multiple of 2214?
True
Is 458 a factor of 375014542?
False
Is 648230427 a multiple of 2613?
True
Does 630 divide 2619540?
True
Is 2524 a factor of 27377828?
True
Is 332 a factor of 38326412?
True
Does 186 divide 1715274702?
True
Is 413065305 a multiple of 53?
True
Does 15 divide 862094655?
True
Is 234655008 a multiple of 112?
True
Is 2376216368 a multiple of 592?
True
Does 8 divide 107094816?
True
Is 650983467 a multiple of 629?
False
Is 692 a factor of 511961834?
False
Does 243 divide 29438541?
False
Is 3874 a factor of 58390258?
False
Is 29 a factor of 28880752?
True
Is 239350869 a multiple of 71?
True
Is 115959051 a multiple of 27?
False
Does 7 divide 1568504844?
False
Is 109828736 a multiple of 128?
True
Is 45572863 a multiple of 507?
False
Does 12 divide 546444060?
True
Is 102 a factor of 188843616?
True
Is 1581140333 a multiple of 1009?
True
Is 139 a factor of 13978077?
False
Does 756 divide 111373962?
False
Is 1224998305 a multiple of 3?
False
Is 349620036 a multiple of 366?
True
Is 1986 a factor of 14551422?
True
Does 37 divide 50165858?
True
Is 529 a factor of 192879219?
True
Is 114214500 a multiple of 100?
True
Is 21743542 a multiple of 2?
True
Does 3 divide 24660213?
True
Is 44123674 a multiple of 31?
False
Is 28 a factor of 1471639540?
True
Is 772815221 a multiple of 318?
False
Does 795 divide 125336520?
True
Does 176 divide 1507008272?
True
Is 169294885 a multiple of 267?
False
Is 108003029 a multiple of 297?
False
Is 16484503 a multiple of 4?
False
Is 47 a factor of 83534369?
True
Is 29 a factor of 3995882?
False
Does 3 divide 730054639?
False
Is 30 a factor of 50810340?
True
Is 72 a factor of 44916315?
False
Is 1301 a factor of 119457820?
True
Does 1752 divide 5555592?
True
Does 28 divide 115943240?
True
Does 44 divide 533480816?
True
Is 16402 a factor of 1124176678?
True
Is 3059752 a multiple of 74?
True
Is 62406792 a multiple of 21?
True
Is 12 a factor of 124632928?
False
Does 9 divide 28782171?
True
Is 35 a factor of 227402353?
False
Does 2574 divide 690288606?
False
Does 126 divide 239337252?
True
Is 110400290 a multiple of 216?
False
Is 59084795 a multiple of 913?
True
Is 15 a factor of 63196067?
False
Is 18914860 a multiple of 45?
False
Is 423 a factor of 46817217?
True
Is 351 a factor of 38528919?
True
Does 33 divide 157338258?
True
Is 46469675 a multiple of 35?
True
Is 5 a factor of 90907636?
False
Does 2481 divide 8206460?
False
Is 6293 a factor of 2631285797?
True
Does 1452 divide 27836690?
False
Does 255 divide 6334117?
False
Is 670630588 a multiple of 168?
False
Is 194167660 a multiple of 145?
False
Is 23439942 a multiple of 257?
True
Does 76 divide 36481292?
True
Is 121991121 a multiple of 167?
False
Does 2293 divide 40531068?
True
Is 8772750 a multiple of 25?
True
Does 24 divide 11171702?
False
Is 745055604 a multiple of 108?
True
Is 394 a factor of 9764502?
True
Does 12 divide 33577787?
False
Does 94 divide 42949822?
True
Does 56 divide 685585152?
True
Does 17 divide 84364173?
False
Does 14 divide 619706481?
False
Does 5 divide 74015450?
True
Is 949 a factor of 1257351927?
True
Is 9398499 a multiple of 5?
False
Is 2008 a factor of 316605376?
True
Is 2099 a factor of 2822725031?
False
Is 22878246 a multiple of 123?
True
Does 5 divide 109912586?
False
Is 58024141 a multiple of 7?
True
Is 4504385394 a multiple of 130?
False
Does 1897 divide 241863706?
True
Is 6823 a factor of 1361331132?
False
Does 8 divide 6164112?
True
Is 153 a factor of 192087216?
True
Is 17 a factor of 423025195?
True
Does 59 divide 25167815?
False
Does 222 divide 409178190?
True
Is 24 a factor of 438670784?
False
Is 142856352 a multiple of 864?
True
Is 1824 a factor of 1022134822?
False
Is 2 a factor of 301106773?
False
Is 106257590 a multiple of 1957?
False
Is 1195 a factor of 315278045?
True
Is 236576522 a multiple of 6?
False
Does 12 divide 812527596?
True
Does 846 divide 46964756?
False
Does 17 divide 26413444?
True
Does 147 divide 18775722?
True
Does 27 divide 170813826?
True
Is 1881 a factor of 58801941?
True
Is 64913368 a multiple of 52?
True
Is 261465660 a multiple of 61?
False
Does 1187 divide 1934634566?
False
Is 7 a factor of 14139972?
True
Is 31 a factor of 668072742?
False
Does 13 divide 123371644?
False
Does 3614 divide 220315815?
False
Is 1363529121 a multiple of 1581?
False
Is 1472932340 a multiple of 110?
True
Does 279 divide 7561651?
False
Is 77 a factor of 1824977?
True
Is 225057321 a multiple of 73?
True
Is 695 a factor of 1076609905?
True
Is 3940970399 a multiple of 6467?
True
Is 44340088 a multiple of 113?
False
Is 15 a factor of 4993695?
True
Is 178 a factor of 15409460?
True
Is 2496 a factor of 510139968?
True
Does 3058 divide 458357266?
False
Is 582189580 a multiple of 5782?
True
Is 32982404 a multiple of 26?
True
Is 499281534 a multiple of 17?
True
Is 225 a factor of 1672907400?
True
Does 11 divide 135769403?
True
Is 4 a factor of 14767713?
False
Is 6 a factor of 55084265?
False
Is 317 a factor of 17009812?
False
Is 332779194 a multiple of 9?
True
Is 66792934 a multiple of 227?
True
Is 1041 a factor of 2138338920?
True
Is 7 a factor of 41300578?
False
Is 322304581 a multiple of 115?
False
Is 196432893 a multiple of 153?
False
Is 689240834 a multiple of 2389?
True
Is 2994 a factor of 571465547?
False
Is 549 a factor of 146581324?
False
Is 16279783 a multiple of 271?
True
Is 2718325 a multiple of 97?
False
Is 12224854 a multiple of 298?
True
Is 536080952 a multiple of 311?
False
Is 97539835 a multiple of 17?
False
Does 140 divide 117874250?
False
Does 129 divide 451166406?
True
Is 18796681 a multiple of 11?
False
Is 353 a factor of 106843922?
True
Does 1953 divide 986353916?
False
Is 644896632 a multiple of 3617?
True
Is 30572556 a multiple of 7?
True
Does 25 divide 628133725?
True
Is 10770596 a multiple of 216?
False
Is 2778 a factor of 3339433800?
True
Is 818 a factor of 681066448?
False
Is 263 a factor of 364830707?
True
Is 618907361 a multiple of 31?
False
Does 1295 divide 22463030?
False
Does 86 divide 112191941?
False
Is 9 a factor of 332238968?
False
Is 10 a factor of 56311220?
True
Is 2508748190 a multiple of 1567?
False
Is 138338336 a multiple of 1066?
False
Is 1392086465 a multiple of 55?
True
Is 890 a factor of 102691324?
False
Is 737 a factor of 4441498?
False
Is 3768541 a multiple of 750?
False
Is 136 a factor of 10812680?
True
Is 3251062668 a multiple of 14?
True
Is 349450360 a multiple of 16?
False
Is 5 a factor of 75736439?
False
Is 429226376 a multiple of 474?
False
Is 555 a factor of 53407650?
True
Does 799 divide 375780716?
False
Is 384 a factor of 40953216?
True
Is 267 a factor of 29457843?
True
Is 67 a factor of 37694319?